 + 3640. Let s = -45 + g. Is s a prime number?
False
Suppose 42*k = 199694 - 19556. Is k a prime number?
True
Let n(z) = -z**2 - 1. Let i(v) = -16*v**2 - 2*v + 8. Let s(h) = -i(h) + 5*n(h). Is s(6) prime?
False
Suppose -2*z = -4*s - 3*z + 3317, 2*z = 5*s - 4143. Let x = s + -196. Suppose 0*m + 3*m = x. Is m a prime number?
True
Is 1/((-7)/(-28)) + -1 + 4700 composite?
False
Suppose 3*m + 4*k - 18 = 0, -2*m + 5*k - 13 = -m. Suppose 1640 = 3*l + m*l - 5*i, 2*l = i + 659. Is l prime?
True
Let r be 22320/192*2*-1*2. Let h = r - -1678. Is h composite?
False
Suppose -3*a + 1648 = -5*i, i + 1613 = 3*a + 3*i. Is a prime?
True
Suppose -2 = 4*p - 14. Suppose -j - 4*l - 8 = 0, 0 = -2*j - 2*l - 3*l - 19. Is 559/p - 8/j composite?
True
Let w = 39950 - 22611. Is w prime?
False
Let v(w) = 572*w + 69. Is v(7) a prime number?
True
Suppose -11*h + 4326 = -5*h. Is h composite?
True
Let y = 3670 + 3331. Is y prime?
True
Suppose -5*z + 514 = -2*i - 937, 2*z = 2*i + 578. Suppose -4*x + z = 2*b - 215, 5*b - 1325 = 2*x. Is b a composite number?
False
Suppose -4*p + 3 = 7. Is (0/p)/(-2) - -677 composite?
False
Suppose -5*w + 17960 = 5*x, -3*x = -7*w + 6*w + 3596. Is w a composite number?
False
Suppose 0 = 2*i + 4*h - 2058, 5*i - 44*h - 5210 = -41*h. Is i composite?
False
Let b(j) = -j**2 - 4*j + 5. Let z be b(-5). Is 100/(-40)*(z - 10328/10) composite?
True
Suppose -124*c + 127*c = 14583. Is c a prime number?
True
Suppose 56567 = 55*n - 377988. Is n composite?
False
Let t(b) = 26*b - 19*b - 5*b + 144*b**2 - 1. Is t(-2) composite?
False
Is 10 + 188/(-20) - 47242/(-5) composite?
True
Let s(h) = h**3 + 9*h**2 + 10*h + 20. Let t be s(-8). Suppose -t*j + 4277 - 649 = 0. Is j prime?
True
Let f = 515 + -2760. Let r = -1358 - f. Is r prime?
True
Let v be 5 + -6 + (0 - -1). Suppose v = -0*x - 6*x - 678. Let c = 32 - x. Is c a prime number?
False
Let l(s) be the third derivative of s**5/15 - s**4/12 - s**3/3 + 6*s**2. Let u be l(2). Is (-5)/u + 119/2 a composite number?
False
Let w be (-3)/21 - 735085/(-7). Is w/156 + 2/(-13) prime?
True
Let b = 28 - 33. Let x(c) = -10*c + 7. Is x(b) a prime number?
False
Is 5 - 1 - (-5546)/2 composite?
False
Suppose 0 = -16*m + 293774 - 64926. Is m a prime number?
True
Suppose -o = -5*d + 35, 3*d + 0*d = -2*o + 8. Is ((-13412)/8)/(d/(-12)) a prime number?
False
Let v(h) = -h**2 - h - 17. Let u be v(0). Let d = u - -11. Is 4/d - (-272)/12 a composite number?
True
Let i = -1 - -2. Let a(r) = 51*r**3 + 3*r - r**2 - 4*r + 0*r + 2 + 2*r**3. Is a(i) a composite number?
False
Suppose -2*g - 7*m = -5*m - 52614, 0 = -g + 5*m + 26295. Is g a composite number?
True
Let v be 38/4 + -1 + (-6)/(-4). Suppose 0 = v*a + 4*a - 350. Is a a prime number?
False
Is (-30467)/((2 + 0)*(-12)/24) a prime number?
True
Is 28 - 25 - (-12442 - -2) a prime number?
False
Suppose -81*i + 109*i = 27188. Is i a composite number?
False
Suppose 199*d = 234*d - 9481465. Is d composite?
False
Is ((-1226579)/265)/((-2)/10) composite?
False
Is (-6)/(-16) + (10249050/(-80))/(-21) a prime number?
True
Let y = -16880 - -28429. Is y prime?
True
Let g = -2435 - -4422. Is g a prime number?
True
Suppose 3*r = -0 + 15. Suppose n + 462 = 2*g - 4*n, r*n = -4*g + 864. Is g prime?
False
Let t = -3 + 3. Suppose 10 + t = -u. Is 3 - (-5)/(u/(-124)) composite?
True
Suppose 0 = -4*x + 27363 + 14769. Is x composite?
True
Suppose -b + 1 = 3*q - 2, -2*b = -5*q - 6. Suppose 3*u = q, u + 1 = m - 1. Suppose -2*v - 2*j = -j - 742, m*v - j = 750. Is v a composite number?
False
Let b(d) = -d**2 - 9*d - 13. Let m be b(-7). Is 259*((1 + -4)/(-3))/m a prime number?
False
Let n(y) = 39*y**2 - 7*y + 29. Is n(30) prime?
True
Let r(n) = -n**3 - 4*n**2 + 2. Let l be r(-4). Suppose 100 = 2*i - y, -3*i - l*y = -6*y - 155. Suppose g = -3*g + 3*t + 160, g - 3*t - i = 0. Is g prime?
True
Suppose 141 + 2124 = 5*z. Let h = -134 + z. Is h composite?
True
Suppose 0 = 4*u - 5*o - 33, -4*u - u = -4*o - 30. Suppose j + u*i - 571 = -0*j, -4*j + 5*i + 2284 = 0. Is j a composite number?
False
Suppose 3*x - 1304 = -5*n, 5*x + 4*n - 2168 = n. Suppose -k - 4*b = -2*b - 423, k - x = -4*b. Is k composite?
True
Let t(n) = n + 261. Let u be t(0). Let j(s) = 44*s**2 - 20*s - 92. Let x be j(-4). Let q = u + x. Is q prime?
True
Suppose -3*f - 5*s + 480 = -2*f, 2512 = 5*f - 3*s. Let u = f - 345. Is u a prime number?
False
Let s be (-1)/(-4) - 1/4. Let x be -1 + (-18)/(-2) - (-14 - -15). Let q = x - s. Is q a prime number?
True
Let u(o) = 3*o - 1. Let z be u(-2). Let k = -8 - z. Is 214 - 1 - (1 - k) prime?
True
Let w = 87 - 73. Let j(s) = 2*s**2 - 6*s + 9. Is j(w) a composite number?
False
Let c be (-48)/8*(-3)/(-9). Is c/((-9)/(693/2)) prime?
False
Suppose 0 = -28*r + 8521707 + 1430585. Is r a composite number?
True
Let u(g) = 181*g**2 - 12*g + 324. Is u(13) prime?
True
Let s be 89 - (1 - (-2)/2). Suppose 3*h - v = 2*h + s, 348 = 4*h - 5*v. Is h a prime number?
False
Let t = -3592 + 5396. Suppose -5*b + 9*b - t = 0. Is b a composite number?
True
Let l = -49858 + 116493. Is l prime?
False
Let l = 1426 - -5505. Is l a composite number?
True
Let h = 681 + -290. Is h prime?
False
Let q be (-4)/(-2 - (-11515)/5755). Is (7/28)/((-1)/q) a composite number?
False
Let p be 1/((-3)/15*-1). Suppose -334 - 46 = -p*h. Let l = 233 - h. Is l composite?
False
Let f be (1/(-3))/(3/(-9)). Let x be f/(-2) + 6/12. Suppose x = 2*p - m - 424, 0 = 5*p - m - 754 - 303. Is p prime?
True
Suppose -3*k + 2*s - 615 + 14073 = 0, 2*k - 2*s - 8972 = 0. Is k composite?
True
Let j(o) = o**2 - 12*o + 10. Let c be j(10). Let l(f) = -47*f + 15. Is l(c) a composite number?
True
Is 24874*3 + -12*6/(-72) prime?
True
Suppose 0*n + 44*n = 542212. Is n prime?
True
Suppose z = -z + 6. Suppose m - 1588 = -z*m. Is m prime?
True
Suppose -5*q - 5*d + 6290 = 0, 2*q - 1690 = -4*d + 830. Let h = -471 + q. Is h a composite number?
True
Let r be (-60)/(-25)*(-25)/10. Let q(j) = -531*j + 17. Is q(r) composite?
False
Suppose -13986 = -8*f + 2006. Suppose 4*u - 119 - 544 = -s, f = 3*s + 2*u. Is s prime?
False
Suppose 5*v = -p + 2724, -p - 7*v + 2774 = -12*v. Is p composite?
False
Suppose 1 + 1 = w. Let r be ((-12)/(-10))/3*(108 + -3). Suppose -r - 56 = -w*l. Is l a composite number?
True
Let z be (492/(-8) + -2)*-4. Suppose -2*r = -2*j + z, 147 = r - 2*r - 3*j. Let k = r + 299. Is k a composite number?
False
Suppose 2*p + 3 - 15 = 0. Let u(i) = 6*i - 14. Is u(p) prime?
False
Let s(j) = -j**2 - 5*j - 2. Let z be 3/1*(-40)/(-30). Suppose -z*n - 6 = -2*n. Is s(n) prime?
False
Let s(a) = -219*a + 111*a + 12 + 5 + 4. Is s(-19) prime?
False
Let l = -839 - 778. Let y(p) = 3009*p**3 - p**2 - p - 1. Let i be y(-1). Let m = l - i. Is m prime?
False
Let j = 1634 - 34. Suppose 0 = h - 6*h + 5*g + j, -h + 308 = -5*g. Is h composite?
True
Let r(j) = 3*j + 12. Let w be r(-4). Suppose -h + 16*h - 12315 = w. Is h a prime number?
True
Suppose 2565 + 4895 = 20*i. Is i a prime number?
True
Suppose 0 = 167*d - 150*d - 728501. Is d a composite number?
False
Let k be 6/4*(-170)/(-15). Let a = -12 + k. Suppose 5 = -a*u, -4*u + 7*u = 4*j - 1055. Is j composite?
False
Let q be (24/10 - 2)*-565. Suppose -2085 = j + 4*j. Let r = q - j. Is r prime?
True
Let c(j) be the first derivative of 2*j**5/5 + j**4/24 + 2*j**3/3 + 10. Let a(s) be the third derivative of c(s). Is a(10) composite?
True
Suppose 0 = -3*p - p + 6548. Is p composite?
False
Let u(t) = -3 - t + 2*t**2 - 4*t**2 + 14*t - 2*t. Let q be u(5). Is (-2)/(q - 2816/1406) a composite number?
True
Is ((-10436)/(-16))/((-6)/(-24)) a composite number?
False
Let u = 1600 - 695. Is u composite?
True
Let q = -269 + 1188. Is q a composite number?
False
Suppose 0 = 4*b - 2*a + 62, -2*b - 37 = -7*a + 4*a. Let f be 2828/2 + b + 16. Suppose -7*m + 1699 + f = 0. Is m a composite number?
True
Let f = 367 - 316. Is f prime?
False
Let w be (-2 - (-21)/3) + -3 + 1. Suppose w*a - 5*a = -958. Is a a prime number?
True
Let y be 4 + 380/2 + 4. Let n = 347 - y. Is n composite?
False
Let j(m) = 2*m**2 - 59 + 14*m**3 - 4*m - m**2 + 52. Is j(4) a prime number?
False
Let n = -852 + 423. Is 37/(-3)*n/13 a prime number?
False
Let j(b) = 4 + 5 + 8 - 87*b**3 + 88*b**3 + 16*b**2. Let i be 43/(-3) - 6/(-18). Is j(i) prime?
True
Suppose 8 = 3*t - 37. Let b = 8 + t. Suppose -213 - b = -4*n. Is n a 